 is divided by 59.
55
What is the remainder when 23828 is divided by 141?
140
What is the remainder when 950 is divided by 239?
233
What is the remainder when 210 is divided by 99?
12
What is the remainder when 83 is divided by 42?
41
Calculate the remainder when 2575 is divided by 514.
5
Calculate the remainder when 538 is divided by 27.
25
What is the remainder when 477 is divided by 13?
9
What is the remainder when 75 is divided by 15?
0
What is the remainder when 677 is divided by 220?
17
What is the remainder when 204 is divided by 70?
64
What is the remainder when 319 is divided by 76?
15
What is the remainder when 193 is divided by 31?
7
What is the remainder when 166 is divided by 28?
26
Calculate the remainder when 297 is divided by 57.
12
Calculate the remainder when 56 is divided by 50.
6
Calculate the remainder when 463 is divided by 231.
1
Calculate the remainder when 561 is divided by 135.
21
Calculate the remainder when 46 is divided by 23.
0
Calculate the remainder when 21 is divided by 21.
0
What is the remainder when 775 is divided by 37?
35
Calculate the remainder when 367 is divided by 10.
7
What is the remainder when 913 is divided by 297?
22
What is the remainder when 117 is divided by 16?
5
Calculate the remainder when 3508 is divided by 293.
285
Calculate the remainder when 975 is divided by 322.
9
What is the remainder when 473 is divided by 66?
11
What is the remainder when 271 is divided by 122?
27
Calculate the remainder when 215 is divided by 97.
21
What is the remainder when 184 is divided by 11?
8
What is the remainder when 382 is divided by 64?
62
Calculate the remainder when 996 is divided by 319.
39
Calculate the remainder when 67 is divided by 17.
16
Calculate the remainder when 5150 is divided by 1707.
29
What is the remainder when 109 is divided by 25?
9
Calculate the remainder when 291 is divided by 21.
18
What is the remainder when 2327 is divided by 37?
33
What is the remainder when 109 is divided by 4?
1
What is the remainder when 214 is divided by 44?
38
What is the remainder when 8 is divided by 2?
0
Calculate the remainder when 43 is divided by 20.
3
What is the remainder when 194 is divided by 48?
2
What is the remainder when 1249 is divided by 309?
13
What is the remainder when 838 is divided by 10?
8
Calculate the remainder when 255 is divided by 54.
39
Calculate the remainder when 26 is divided by 12.
2
Calculate the remainder when 630 is divided by 128.
118
Calculate the remainder when 1103 is divided by 27.
23
What is the remainder when 170 is divided by 61?
48
What is the remainder when 20 is divided by 16?
4
What is the remainder when 179 is divided by 8?
3
What is the remainder when 4991 is divided by 52?
51
What is the remainder when 87 is divided by 15?
12
Calculate the remainder when 32 is divided by 13.
6
Calculate the remainder when 141 is divided by 37.
30
Calculate the remainder when 53767 is divided by 286.
285
Calculate the remainder when 78 is divided by 30.
18
What is the remainder when 482 is divided by 120?
2
What is the remainder when 69 is divided by 18?
15
Calculate the remainder when 486 is divided by 85.
61
What is the remainder when 457 is divided by 52?
41
What is the remainder when 922 is divided by 12?
10
What is the remainder when 314 is divided by 89?
47
Calculate the remainder when 1707 is divided by 59.
55
What is the remainder when 57 is divided by 17?
6
What is the remainder when 18638 is divided by 233?
231
What is the remainder when 2158 is divided by 307?
9
Calculate the remainder when 780 is divided by 46.
44
What is the remainder when 292 is divided by 5?
2
What is the remainder when 816 is divided by 89?
15
What is the remainder when 81 is divided by 4?
1
What is the remainder when 694 is divided by 24?
22
What is the remainder when 503 is divided by 8?
7
Calculate the remainder when 13629 is divided by 213.
210
What is the remainder when 422 is divided by 8?
6
What is the remainder when 15471 is divided by 25?
21
Calculate the remainder when 232 is divided by 28.
8
What is the remainder when 1704 is divided by 852?
0
What is the remainder when 360 is divided by 105?
45
What is the remainder when 149 is divided by 75?
74
Calculate the remainder when 276 is divided by 58.
44
What is the remainder when 188 is divided by 5?
3
Calculate the remainder when 1005 is divided by 20.
5
Calculate the remainder when 105 is divided by 20.
5
What is the remainder when 1265 is divided by 460?
345
Calculate the remainder when 253 is divided by 86.
81
What is the remainder when 1530 is divided by 21?
18
What is the remainder when 509 is divided by 8?
5
Calculate the remainder when 143 is divided by 38.
29
What is the remainder when 244 is divided by 62?
58
What is the remainder when 112 is divided by 38?
36
Calculate the remainder when 93 is divided by 31.
0
What is the remainder when 7359 is divided by 24?
15
What is the remainder when 4083 is divided by 35?
23
What is the remainder when 521 is divided by 242?
37
Calculate the remainder when 430 is divided by 148.
134
What is the remainder when 1749 is divided by 6?
3
What is the remainder when 145 is divided by 31?
21
Calculate the remainder when 85 is divided by 84.
1
What is the remainder when 124 is divided by 5?
4
Calculate the remainder when 28223 is divided by 32.
31
What is the remainder when 197 is divided by 46?
13
Calculate the remainder when 1419 is divided by 79.
76
What is the remainder when 962 is divided by 198?
170
What is the remainder when 2777 is divided by 14?
5
What is the remainder when 326 is divided by 33?
29
Calculate the remainder when 8971 is divided by 136.
131
What is the remainder when 294 is divided by 33?
30
What is the remainder when 213 is divided by 61?
30
Calculate the remainder when 452 is divided by 80.
52
What is the remainder when 377 is divided by 194?
183
What is the remainder when 340 is divided by 51?
34
Calculate the remainder when 308 is divided by 107.
94
Calculate the remainder when 116 is divided by 62.
54
Calculate the remainder when 457 is divided by 30.
7
Calculate the remainder when 435 is divided by 379.
56
What is the remainder when 74 is divided by 19?
17
What is the remainder when 848 is divided by 22?
12
Calculate the remainder when 73 is divided by 38.
35
What is the remainder when 304 is divided by 80?
64
Calculate the remainder when 206 is divided by 56.
38
What is the remainder when 24517 is divided by 23?
22
What is the remainder when 4918 is divided by 24?
22
What is the remainder when 1037 is divided by 80?
77
What is the remainder when 795 is divided by 46?
13
What is the remainder when 13107 is divided by 226?
225
What is the remainder when 48 is divided by 19?
10
What is the remainder when 100 is divided by 21?
16
What is the remainder when 3045 is divided by 203?
0
What is the remainder when 151 is divided by 32?
23
What is the remainder when 4917 is divided by 82?
79
Calculate the remainder when 135 is divided by 64.
7
Calculate the remainder when 598 is divided by 30.
28
Calculate the remainder when 232 is divided by 13.
11
Calculate the remainder when 761 is divided by 48.
41
What is the remainder when 3105 is divided by 6?
3
Calculate the remainder when 718 is divided by 48.
46
What is the remainder when 191 is divided by 5?
1
What is the remainder when 114 is divided by 43?
28
Calculate the remainder when 699 is divided by 6.
3
What is the remainder when 1052 is divided by 271?
239
What is the remainder when 102 is divided by 47?
8
Calculate the remainder when 4383 is divided by 18.
9
Calculate the remainder when 11387 is divided by 16.
11
Calculate the remainder when 148 is divided by 39.
31
Calculate the remainder when 829 is divided by 19.
12
Calculate the remainder when 531 is divided by 244.
43
Calculate the remainder when 328 is divided by 83.
79
Calculate the remainder when 1297 is divided by 25.
22
Calculate the remainder when 242 is divided by 170.
72
Calculate the remainder when 725 is divided by 52.
49
Calculate the remainder when 3348 is divided by 25.
23
What is the remainder when 198 is divided by 25?
23
What is the remainder when 35850 is divided by 51?
48
What is the remainder when 2229 is divided by 24?
21
What is the remainder 